NOAA-Style Climate Reports
NOAA Climate Reports are updated by Weatherlink v6.0.5 once per hour from this station.
2007-2022 Summary
Select a Year or Month report
2024: Jan Feb Mar Apr May Jun Jul Aug Sep Oct Nov Dec
2023: Jan Feb Mar Apr May Jun Jul Aug Sep Oct Nov Dec
2022: Jan Feb Mar Apr May Jun Jul Aug Sep Oct Nov Dec
2021: Jan Feb Mar Apr May Jun Jul Aug Sep Oct Nov Dec
2020: Jan Feb Mar Apr May Jun Jul Aug Sep Oct Nov Dec
2019: Jan Feb Mar Apr May Jun Jul Aug Sep Oct Nov Dec
2018: Jan Feb Mar Apr May Jun Jul Aug Sep Oct Nov Dec
2017: Jan Feb Mar Apr May Jun Jul Aug Sep Oct Nov Dec
2016: Jan Feb Mar Apr May Jun Jul Aug Sep Oct Nov Dec
2015: Jan Feb Mar Apr May Jun Jul Aug Sep Oct Nov Dec
2014: Jan Feb Mar Apr May Jun Jul Aug Sep Oct Nov Dec
2013: Jan Feb Mar Apr May Jun Jul Aug Sep Oct Nov Dec
2012: Jan Feb Mar Apr May Jun Jul Aug Sep Oct Nov Dec
2011: Jan Feb Mar Apr May Jun Jul Aug Sep Oct Nov Dec
2010: Jan Feb Mar Apr May Jun Jul Aug Sep Oct Nov Dec
2009: Jan Feb Mar Apr May Jun Jul Aug Sep Oct Nov Dec
2008: Jan Feb Mar Apr May Jun Jul Aug Sep Oct Nov Dec
2007: Jan Feb Mar Apr May Jun Jul Aug Sep Oct Nov Dec
2024: Jan Feb Mar Apr May Jun Jul Aug Sep Oct Nov Dec
2023: Jan Feb Mar Apr May Jun Jul Aug Sep Oct Nov Dec
2022: Jan Feb Mar Apr May Jun Jul Aug Sep Oct Nov Dec
2021: Jan Feb Mar Apr May Jun Jul Aug Sep Oct Nov Dec
2020: Jan Feb Mar Apr May Jun Jul Aug Sep Oct Nov Dec
2019: Jan Feb Mar Apr May Jun Jul Aug Sep Oct Nov Dec
2018: Jan Feb Mar Apr May Jun Jul Aug Sep Oct Nov Dec
2017: Jan Feb Mar Apr May Jun Jul Aug Sep Oct Nov Dec
2016: Jan Feb Mar Apr May Jun Jul Aug Sep Oct Nov Dec
2015: Jan Feb Mar Apr May Jun Jul Aug Sep Oct Nov Dec
2014: Jan Feb Mar Apr May Jun Jul Aug Sep Oct Nov Dec
2013: Jan Feb Mar Apr May Jun Jul Aug Sep Oct Nov Dec
2012: Jan Feb Mar Apr May Jun Jul Aug Sep Oct Nov Dec
2011: Jan Feb Mar Apr May Jun Jul Aug Sep Oct Nov Dec
2010: Jan Feb Mar Apr May Jun Jul Aug Sep Oct Nov Dec
2009: Jan Feb Mar Apr May Jun Jul Aug Sep Oct Nov Dec
2008: Jan Feb Mar Apr May Jun Jul Aug Sep Oct Nov Dec
2007: Jan Feb Mar Apr May Jun Jul Aug Sep Oct Nov Dec
Report for 2024 March
MONTHLY CLIMATOLOGICAL SUMMARY for AUG. 2023 NAME: CW6839 CITY: Country Meadow, Clay STATE: New York ELEV: 410 ft LAT: 43° 10' 16" N LONG: 76° 09' 40" W TEMPERATURE (°F), RAIN (in), WIND SPEED (mph) HEAT COOL AVG MEAN DEG DEG WIND DOM DAY TEMP HIGH TIME LOW TIME DAYS DAYS RAIN SPEED HIGH TIME DIR ------------------------------------------------------------------------------------ 1 62.9 73.1 3:10p 52.1 6:20a 4.4 2.3 0.10 0.8 13.0 12:50p NNW 2 64.1 78.4 3:20p 49.7 6:10a 5.0 4.1 0.00 0.6 10.0 3:10p SW 3 71.8 82.7 4:40p 59.2 2:00a 0.7 7.5 0.34 2.1 18.0 11:50p SSW 4 70.7 80.8 2:10p 63.8 6:30a 0.0 5.8 0.05 0.7 12.0 3:20p SSE 5 67.6 76.3 12:30p 57.3 12:00m 1.2 3.8 0.00 0.6 11.0 1:50p NNW 6 67.2 79.0 4:10p 53.1 6:00a 3.4 5.6 0.00 1.2 11.0 1:20p ENE 7 70.9 85.4 2:40p 64.6 8:30a 0.0 5.9 3.99 2.3 21.0 3:10p ENE 8 66.5 68.9 3:10a 63.9 8:10p 0.1 1.6 0.22 1.4 13.0 11:10a WSW 9 70.6 82.1 3:40p 62.5 6:40a 0.3 5.9 0.00 0.7 12.0 1:10p WSW 10 65.3 73.9 4:40p 61.7 5:50a 0.9 1.2 0.45 0.4 14.0 9:50a SW 11 66.6 75.3 3:50p 58.1 12:00m 1.8 3.3 0.00 0.6 13.0 1:20p SW 12 70.0 82.6 5:20p 57.3 3:50a 2.2 7.1 0.04 2.1 18.0 3:40p SW 13 70.0 77.5 3:30p 61.3 12:00m 0.3 5.3 0.00 0.7 15.0 1:50p SW 14 68.4 78.3 1:40p 61.0 12:50a 0.5 3.9 0.00 0.6 9.0 10:30a NNW 15 67.1 71.1 1:50p 63.3 4:50a 0.2 2.3 0.28 0.6 10.0 2:00p ENE 16 70.0 78.5 4:30p 62.5 12:00m 0.1 5.1 0.03 0.6 10.0 4:00p ENE 17 71.0 82.4 4:10p 59.5 4:30a 1.4 7.4 0.00 1.7 17.0 10:50p SSE 18 64.2 71.1 12:10a 58.3 11:30p 1.9 1.2 0.95 2.4 21.0 1:10p WSW 19 64.8 73.8 4:40p 57.5 12:50a 2.8 2.6 0.08 1.9 16.0 10:40a W 20 68.0 81.4 4:50p 53.7 4:50a 2.9 5.9 0.00 0.8 14.0 1:40p WSW 21 68.9 73.1 10:10a 59.6 10:00p 0.6 4.6 0.00 0.5 11.0 4:50p WSW 22 63.8 76.1 2:00p 51.7 6:20a 4.4 3.2 0.00 0.6 12.0 3:20p NNW 23 66.7 78.6 2:30p 57.5 2:30a 2.4 4.0 0.00 0.4 9.0 1:50p S 24 65.2 67.8 3:40a 63.7 2:40p 0.2 0.4 0.02 1.6 17.0 3:40a SSE 25 70.4 75.5 4:20p 65.4 3:30a 0.0 5.4 0.24 0.3 9.0 12:10a ENE 26 70.5 78.4 4:40p 62.2 12:00m 0.2 5.6 0.00 1.0 13.0 12:30p NNW 27 63.2 73.0 4:00p 56.3 6:10a 3.4 1.6 0.00 0.6 10.0 2:20p NNW 28 63.1 73.7 5:10p 51.0 6:30a 4.3 2.3 0.00 0.7 8.0 9:20a E 29 68.6 74.5 6:50p 63.8 12:20a 0.1 3.7 0.20 0.4 9.0 12:20p E 30 64.0 71.4 12:40p 58.3 6:20a 1.9 0.9 0.11 1.1 14.0 3:00p WSW 31 58.3 70.6 2:50p 47.7 6:10a 7.5 0.8 0.00 0.9 11.0 12:10p N ------------------------------------------------------------------------------------- 67.1 85.4 7 47.7 31 55.1 120.3 7.10 1.0 21.0 7 WSW Max >= 90.0: 0 Max <= 32.0: 0 Min <= 32.0: 0 Min <= 0.0: 0 Max Rain: 3.99 ON 08/07/23 Days of Rain: 15 (>.01 in) 9 (>.1 in) 1 (>1 in) Heat Base: 65.0 Cool Base: 65.0 Method: Integration