NOAA-Style Climate Reports


NOAA Climate Reports are updated by Weatherlink v6.0.3 once per hour from this station.
2007-2018 Summary

Report for 2019 April
                   MONTHLY CLIMATOLOGICAL SUMMARY for APR. 2019

NAME: CW6839   CITY: Country Meadow, Clay   STATE: New York 
ELEV:   410 ft  LAT:  43° 10' 16" N  LONG:  76° 09' 44" W

                   TEMPERATURE (°F), RAIN  (in), WIND SPEED (mph)

                                      HEAT  COOL        AVG
    MEAN                              DEG   DEG         WIND                 DOM
DAY TEMP  HIGH   TIME   LOW    TIME   DAYS  DAYS  RAIN  SPEED HIGH   TIME    DIR
------------------------------------------------------------------------------------
 1  29.2  36.4   5:20p  23.6  12:00m  35.8   0.0  0.10   2.5  16.0  11:00a   WNW
 2  37.0  50.9   2:30p  21.7   5:40a  28.0   0.0  0.00   2.5  22.0   3:30p     S
 3  39.3  51.5  10:50a  30.8   2:50a  25.7   0.0  0.00   4.0  27.0   6:40p   WNW
 4  34.6  40.1   2:50p  26.6  11:10p  30.4   0.0  0.00   2.8  17.0   3:00p   WNW
 5  31.5  38.0  12:10p  25.4   3:00a  33.5   0.0  0.45   1.6  15.0   3:50p   ENE
 6  43.7  56.3   5:40p  36.4  12:10a  21.3   0.0  0.01   0.9  11.0   3:20p   ENE
 7  50.3  62.9   5:30p  36.8   6:50a  14.7   0.0  0.00   1.2  10.0   3:30p   ENE
 8  55.0  65.9   3:10p  46.1  12:00m  10.0   0.0  0.31   2.6  21.0   1:00p   WNW
 9  48.8  63.6  11:10a  37.7  12:00m  16.2   0.0  0.08   3.6  28.0   6:10p   WNW
10  36.0  42.7   1:50p  31.3  10:00p  29.0   0.0  0.00   2.8  21.0   4:10p   NNW
11  35.9  42.4   3:00p  25.1   6:40a  29.1   0.0  0.00   0.9  11.0  10:10p   ENE
12  56.4  71.1   2:20p  41.3  12:20a   9.5   0.9  0.03   5.3  25.0   2:00p   ENE
13  58.6  68.1   3:10p  44.9  11:50p   6.6   0.2  0.01   2.4  17.0  10:40a   NNW
14  44.4  49.5  11:40p  39.8   3:10a  20.6   0.0  0.30   2.1  16.0   7:20p   ENE
15  41.4  55.8  12:30a  37.3   3:40p  23.6   0.0  0.41   4.3  21.0   9:20a   WNW
16  42.5  50.8   2:30p  33.3   6:20a  22.5   0.0  0.00   2.3  15.0  12:20a   WNW
17  46.8  60.3   4:20p  29.4   6:50a  18.2   0.0  0.00   1.1  11.0   1:00p   ENE
18  59.6  68.4   3:30p  50.1  12:10a   5.8   0.4  0.03   5.0  32.0   9:30a   SSE
19  63.9  73.1   3:30p  48.1  12:00m   3.6   2.5  0.57   3.1  20.0   4:50p     S
20  53.1  72.9   5:50p  44.1  12:00m  12.9   0.9  0.03   1.9  21.0   6:00p    SW
21  48.5  55.1   3:50p  44.1  12:10a  16.5   0.0  0.00   1.0  12.0   5:10p   NNW
22  51.4  59.8   2:20p  45.9   5:10a  13.6   0.0  0.00   1.2  12.0   4:10p   NNW
23  57.0  75.9   2:20p  42.9   3:40a   8.0   1.4  0.18   1.6  20.0   4:20p   ENE
24
25
26
27
28
29
30
-------------------------------------------------------------------------------------
    46.3  75.9    23    21.7     2   435.1   6.3  2.51   2.5  32.0    18     WNW

Max >=  90.0:  0
Max <=  32.0:  0
Min <=  32.0:  8
Min <=   0.0:  0
Max Rain: 0.57 ON 04/19/19
Days of Rain: 11 (>.01 in) 6 (>.1 in) 0 (>1 in)
Heat Base:  65.0  Cool Base:  65.0  Method: Integration