NOAA-Style Climate Reports


NOAA Climate Reports are updated by Weatherlink v6.0.3 once per day from this station.
2007-2016 Summary

Report for 2017 January
                   MONTHLY CLIMATOLOGICAL SUMMARY for JAN. 2017

NAME: CW6839   CITY: Country Meadow, Clay   STATE: New York 
ELEV:   410 ft  LAT:  43° 10' 16" N  LONG:  76° 09' 44" W

                   TEMPERATURE (°F), RAIN  (in), WIND SPEED (mph)

                                      HEAT  COOL        AVG
    MEAN                              DEG   DEG         WIND                 DOM
DAY TEMP  HIGH   TIME   LOW    TIME   DAYS  DAYS  RAIN  SPEED HIGH   TIME    DIR
------------------------------------------------------------------------------------
 1  32.9  40.1   1:30p  22.9  11:10p  32.1   0.0  0.10   2.5  24.0   1:30a     W
 2  28.7  34.2  11:40p  21.3   8:00a  36.3   0.0  0.00   2.2  14.0   6:30p     E
 3  35.2  36.3  11:30a  34.0   1:10a  29.8   0.0  0.74   3.3  18.0  11:20a   ENE
 4  33.0  39.7   6:00a  20.6  12:00m  32.0   0.0  0.09   4.4  30.0   6:50p     W
 5  21.7  25.1  12:50p  19.7  12:00m  43.3   0.0  0.00   3.5  23.0   4:00a     W
 6  17.0  21.6   1:50p   9.4  10:50p  48.0   0.0  0.00   2.5  18.0  11:40a   WSW
 7  17.1  24.2   2:40p  12.4   3:50a  47.9   0.0  0.00   1.5  18.0  11:50p     W
 8  14.0  18.4  11:10a   7.3  11:10p  51.0   0.0  0.00   3.0  17.0  12:50p     W
 9  14.5  22.5   3:50p   7.4   7:50a  50.5   0.0  0.00   1.4  16.0   3:00p   SSE
10  23.6  34.4  12:00m   9.2  12:30a  41.4   0.0  0.11   3.3  21.0   3:40p   SSE
11  44.0  49.4   2:20p  34.3  12:10a  21.0   0.0  0.49   4.6  33.0   3:00a   SSE
12  47.3  55.5  10:10a  34.8  12:00m  17.7   0.0  0.41   4.4  25.0  12:10a     S
13  29.2  34.8  12:10a  20.6  12:00m  35.8   0.0  0.00   3.8  22.0   5:10a   WNW
14  20.2  25.6   4:20p  14.2   5:10a  44.8   0.0  0.00   0.8   8.0  11:30a   ENE
15  27.8  33.5   1:20p  17.8  12:20a  37.2   0.0  0.00   1.5  14.0   9:20a   WSW
16  28.1  40.7   2:20p  17.5   7:30a  36.9   0.0  0.00   0.4   9.0  12:40p    SW
17  30.3  34.0  12:00m  24.1  12:30a  34.7   0.0  0.82   2.4  15.0   3:20p   ENE
18
19
20
21
22
23
24
25
26
27
28
29
30
31
-------------------------------------------------------------------------------------
    27.3  55.5    12     7.3     8   640.4   0.0  2.76   2.7  33.0    11       W

Max >=  90.0:  0
Max <=  32.0:  6
Min <=  32.0: 14
Min <=   0.0:  0
Max Rain: 0.82 ON 01/17/17
Days of Rain: 7 (>.01 in) 5 (>.1 in) 0 (>1 in)
Heat Base:  65.0  Cool Base:  65.0  Method: Integration