NOAA-Style Climate Reports


NOAA Climate Reports are updated by Weatherlink v6.0.3 once per day from this station.
2007-2016 Summary

Report for 2017 May
                   MONTHLY CLIMATOLOGICAL SUMMARY for MAY. 2017

NAME: CW6839   CITY: Country Meadow, Clay   STATE: New York 
ELEV:   410 ft  LAT:  43° 10' 16" N  LONG:  76° 09' 44" W

                   TEMPERATURE (°F), RAIN  (in), WIND SPEED (mph)

                                      HEAT  COOL        AVG
    MEAN                              DEG   DEG         WIND                 DOM
DAY TEMP  HIGH   TIME   LOW    TIME   DAYS  DAYS  RAIN  SPEED HIGH   TIME    DIR
------------------------------------------------------------------------------------
 1  62.4  78.5   1:30p  50.1  12:10a   5.9   3.3  0.99   2.5  18.0   5:20p   ENE
 2  53.2  59.9   1:20a  47.6  11:50p  11.8   0.0  0.28   2.3  27.0   2:50p   WSW
 3  46.5  53.7   5:30p  38.8  12:00m  18.5   0.0  0.01   2.6  18.0  12:50p   WNW
 4  46.5  59.5   1:00p  33.2   5:30a  18.5   0.0  0.08   1.8  19.0   4:30p   ENE
 5  47.9  52.6   4:50p  43.7   3:30a  17.1   0.0  1.02   3.9  23.0   2:00p   ENE
 6  49.9  54.8   9:40a  44.6  12:00m  15.1   0.0  0.64   1.9  15.0   1:40a   ENE
 7  41.5  44.7  12:10a  38.5  11:20p  23.5   0.0  0.13   1.7  11.0   7:00a    NW
 8  41.0  46.6   6:40p  33.5   4:50a  24.0   0.0  0.00   1.7  14.0   1:20p    NW
 9  42.1  50.6   5:00p  35.7  12:00m  22.9   0.0  0.00   0.9  11.0   5:10p    NW
10  42.5  53.5   5:20p  29.5   6:00a  22.5   0.0  0.00   1.0  11.0   9:10a     N
11  49.3  62.9   4:30p  34.9   5:40a  15.7   0.0  0.00   1.4  12.0   1:00p     N
12  54.6  67.2   4:20p  38.6   5:10a  10.5   0.1  0.00   0.7  17.0  12:00p   ENE
13  52.4  55.5  12:10a  49.0  12:00m  12.6   0.0  0.17   1.1  11.0  12:40p    SE
14  51.5  63.5   3:40p  42.8   5:20a  13.5   0.0  0.40   1.3  16.0   5:40p    NW
15  53.5  62.5   4:40p  47.6   6:30a  11.5   0.0  0.03   2.8  16.0   1:40a    NW
16  57.9  70.5   4:40p  42.9   6:10a   8.1   1.0  0.00   0.8  12.0   4:00p   WSW
17  71.9  88.3   4:30p  54.1   1:10a   2.7   9.6  0.00   1.6  22.0   1:40p   ENE
18  74.3  88.2   3:30p  61.2   5:50a   0.6   9.9  0.05   2.3  20.0   2:10p    SW
19  58.1  71.4  12:10a  48.0  11:30p   7.1   0.2  0.15   1.5  19.0  12:30a    NW
20  55.2  67.8   4:30p  42.3   6:00a  10.0   0.2  0.00   1.8  13.0  10:50a     N
21  59.0  69.7  12:10p  47.5   1:00a   6.8   0.8  0.35   3.1  19.0  11:50a   SSE
22  56.5  69.2   3:40p  47.6  12:00m   8.6   0.1  0.22   1.4  12.0   5:10p   ENE
23  58.4  73.5   3:50p  42.9   4:30a   8.4   1.9  0.00   0.7  12.0  12:10p    SW
24
25
26
27
28
29
30
31
-------------------------------------------------------------------------------------
    53.3  88.3    17    29.5    10   295.9  27.1  4.52   1.8  27.0     2      NW

Max >=  90.0:  0
Max <=  32.0:  0
Min <=  32.0:  1
Min <=   0.0:  0
Max Rain: 1.02 ON 05/05/17
Days of Rain: 13 (>.01 in) 10 (>.1 in) 1 (>1 in)
Heat Base:  65.0  Cool Base:  65.0  Method: Integration