NOAA-Style Climate Reports


NOAA Climate Reports are updated by Weatherlink v6.0.3 once per day from this station.
2007-2016 Summary

Report for 2017 June
                   MONTHLY CLIMATOLOGICAL SUMMARY for JUN. 2017

NAME: CW6839   CITY: Country Meadow, Clay   STATE: New York 
ELEV:   410 ft  LAT:  43° 10' 16" N  LONG:  76° 09' 44" W

                   TEMPERATURE (°F), RAIN  (in), WIND SPEED (mph)

                                      HEAT  COOL        AVG
    MEAN                              DEG   DEG         WIND                 DOM
DAY TEMP  HIGH   TIME   LOW    TIME   DAYS  DAYS  RAIN  SPEED HIGH   TIME    DIR
------------------------------------------------------------------------------------
 1  58.4  66.2  12:00p  50.3  12:00m   6.6   0.0  0.00   1.4  17.0   4:10p    NW
 2  55.3  63.3  11:20a  45.0   6:10a   9.7   0.0  0.00   1.4  17.0   4:00p    NW
 3  56.1  65.4   4:00p  44.6   3:00a   8.9   0.0  0.00   1.3  15.0  12:20p    NW
 4  52.1  57.9  10:50a  44.7   5:40a  12.9   0.0  0.52   1.1  12.0  12:40p   ENE
 5  60.8  70.9   2:10p  55.8  12:30a   4.9   0.7  0.33   1.2  12.0  12:00p     E
 6  53.4  56.1  12:10a  51.1  11:30p  11.6   0.0  0.49   2.1  15.0   1:30p   ENE
 7  57.4  70.1   3:30p  45.1   5:40a   8.2   0.6  0.00   1.1  12.0  12:30a     N
 8  61.6  77.5   3:20p  45.8   5:10a   6.7   3.2  0.00   0.7   9.0   4:50p    NW
 9  64.8  77.1   3:10p  50.5   4:00a   4.1   3.9  0.00   1.0  16.0   5:10p    NW
10  70.0  82.5   4:50p  57.8   6:10a   1.8   6.8  0.00   0.9  13.0   2:00p    SW
11  77.8  88.2   4:40p  63.1   2:00a   0.1  13.0  0.00   2.1  20.0   1:00p   WSW
12  77.2  90.0   4:00p  63.7   5:30a   0.1  12.3  0.00   1.2  15.0   8:30a   WSW
13  73.0  81.6   1:10p  61.3  11:50p   0.2   8.2  0.15   0.8  13.0   1:40p   NNW
14  64.2  76.0   3:00p  53.2   6:10a   3.8   3.1  0.00   1.2  11.0   4:40p     N
15  64.8  75.6  12:30p  51.9   4:00a   3.5   3.3  0.31   1.0  13.0  10:40a   ENE
16  69.4  77.5   2:10p  63.6  11:40p   0.2   4.5  0.04   3.1  16.0   6:10a   SSE
17  75.1  87.0   4:30p  61.1   5:20a   0.8  10.8  0.00   2.3  14.0   2:20p   ENE
18  78.2  90.5   4:20p  69.0   8:00p   0.0  13.2  0.61   4.0  22.0   2:40p     S
19  69.7  73.7   6:00p  62.8  11:30p   0.2   4.9  0.33   0.9   8.0   3:00a    SW
20  65.8  75.3   2:10p  57.5  12:00m   1.3   2.2  0.07   1.6  18.0   9:20a   WSW
21  63.8  73.2   3:40p  54.6   5:50a   3.2   2.1  0.03   1.0  13.0  10:40a    NW
22  65.8  76.2   1:30p  52.0   5:40a   3.5   4.4  0.00   0.6  11.0   1:40p   WSW
23  74.1  79.5  11:50a  64.3  12:20a   0.0   9.1  0.38   2.4  17.0   1:00p    SW
24  69.4  77.3   2:30p  62.3  12:00m   0.2   4.6  0.22   1.2  14.0   3:40p   WSW
25
26
27
28
29
30
-------------------------------------------------------------------------------------
    65.8  90.5    18    44.6     3    92.5 110.9  3.48   1.5  22.0    18      NW

Max >=  90.0:  2
Max <=  32.0:  0
Min <=  32.0:  0
Min <=   0.0:  0
Max Rain: 0.61 ON 06/18/17
Days of Rain: 12 (>.01 in) 9 (>.1 in) 0 (>1 in)
Heat Base:  65.0  Cool Base:  65.0  Method: Integration