NOAA-Style Climate Reports


NOAA Climate Reports are updated by Weatherlink v6.0.3 once per day from this station.
2007-2016 Summary

Report for 2017 March
                   MONTHLY CLIMATOLOGICAL SUMMARY for MAR. 2017

NAME: CW6839   CITY: Country Meadow, Clay   STATE: New York 
ELEV:   410 ft  LAT:  43° 10' 16" N  LONG:  76° 09' 44" W

                   TEMPERATURE (°F), RAIN  (in), WIND SPEED (mph)

                                      HEAT  COOL        AVG
    MEAN                              DEG   DEG         WIND                 DOM
DAY TEMP  HIGH   TIME   LOW    TIME   DAYS  DAYS  RAIN  SPEED HIGH   TIME    DIR
------------------------------------------------------------------------------------
 1  57.5  68.2   1:00p  45.6  12:00m   7.7   0.2  0.07   4.8  30.0   9:40p     S
 2  27.9  45.6  12:10a  19.1   8:30a  37.1   0.0  0.00   6.7  33.0   3:10a   WNW
 3  20.8  29.8  12:00p  14.6   7:10a  44.2   0.0  0.00   4.5  28.0   5:40p   WNW
 4  13.4  16.9   3:20p   7.4  11:40p  51.6   0.0  0.00   3.3  25.0   2:30p   NNW
 5  15.6  28.1   4:10p   3.0   4:50a  49.4   0.0  0.00   0.7  11.0   1:20p   NNW
 6  31.6  42.9   2:10p  19.2  12:10a  33.4   0.0  0.00   3.0  14.0   9:20a   ENE
 7  45.8  54.5  10:50p  37.8  12:30a  19.2   0.0  0.75   2.6  17.0   9:10p    SE
 8  43.9  53.0   3:00p  33.7   6:40a  21.1   0.0  0.25   4.2  34.0   1:50p     W
 9  34.3  39.8  12:20a  29.1   8:10a  30.7   0.0  0.00   3.6  22.0   4:50a   WNW
10  24.3  30.8  12:10a  12.2  12:00m  40.7   0.0  0.00   5.0  25.0   5:00p   WNW
11  13.7  17.8   3:30p   9.5   6:00a  51.3   0.0  0.00   5.1  20.0   1:10a    NW
12  14.4  19.2  10:50p   8.3   5:30a  48.5   0.0  0.00   3.1  19.0  12:00p    NW
13  14.9  21.5  11:50p   4.2   6:10a  50.1   0.0  0.00   1.1  10.0   5:20p    NE
14  18.6  22.6   3:10a  15.1   6:30p  46.4   0.0  0.00   4.4  19.0   7:10p   NNW
15  18.3  23.0   9:10p  15.0   5:10a  46.7   0.0  0.00   3.6  21.0  10:50p   WNW
16  24.3  30.6   5:30p  16.9   7:40a  40.7   0.0  0.11   4.7  22.0  12:00p   WNW
17  29.0  41.1   5:00p  18.8  12:00m  36.0   0.0  0.24   1.4  13.0   3:50p   WNW
18  26.2  35.2   1:50p  14.9   3:40a  38.8   0.0  0.07   2.1  15.0  11:30a   ENE
19  34.4  44.1   2:40p  24.1  12:00m  30.6   0.0  0.03   1.4  18.0   4:00p     E
20  30.0  40.4   4:20p  17.2   4:40a  35.0   0.0  0.00   0.3   7.0   1:00p    SW
21  39.0  48.8   5:00p  32.3   3:20a  26.0   0.0  0.00   1.9  18.0  11:10p   WNW
22  21.6  36.3  12:10a  16.0  10:50a  43.4   0.0  0.00   5.2  24.0   2:40a    NW
23  23.1  36.0   5:30p   7.1   7:10a  41.9   0.0  0.02   0.9  11.0   2:40p   WSW
24  37.3  46.1   5:40p  28.8  12:10a  27.7   0.0  0.16   1.1  16.0   9:00a    SE
25  36.0  39.2   5:30p  33.5   9:10a  29.0   0.0  0.39   0.4   7.0   1:40p    NW
26  36.4  40.9   3:10p  32.3   8:10a  28.6   0.0  0.03   3.5  16.0   8:30a   ENE
27  40.7  47.8   3:50p  35.5   6:50a  24.3   0.0  0.17   1.7   8.0   1:50a   ENE
28  42.6  50.4  12:00p  38.2   5:10a  22.4   0.0  0.00   1.4  13.0   7:40p   ENE
29
30
31
-------------------------------------------------------------------------------------
    29.1  68.2     1     3.0     5  1002.5   0.2  2.29   2.9  34.0     8     WNW

Max >=  90.0:  0
Max <=  32.0: 10
Min <=  32.0: 20
Min <=   0.0:  0
Max Rain: 0.75 ON 03/07/17
Days of Rain: 12 (>.01 in) 7 (>.1 in) 0 (>1 in)
Heat Base:  65.0  Cool Base:  65.0  Method: Integration