NOAA-Style Climate Reports


NOAA Climate Reports are updated by Weatherlink v6.0.3 once per hour from this station.
2007-2017 Summary

Report for 2018 June
                   MONTHLY CLIMATOLOGICAL SUMMARY for JUN. 2018

NAME: CW6839   CITY: Country Meadow, Clay   STATE: New York 
ELEV:   410 ft  LAT:  43° 10' 16" N  LONG:  76° 09' 44" W

                   TEMPERATURE (°F), RAIN  (in), WIND SPEED (mph)

                                      HEAT  COOL        AVG
    MEAN                              DEG   DEG         WIND                 DOM
DAY TEMP  HIGH   TIME   LOW    TIME   DAYS  DAYS  RAIN  SPEED HIGH   TIME    DIR
------------------------------------------------------------------------------------
 1  73.3  85.0   1:00p  65.2   5:00a   0.0   8.3  0.30   0.6  11.0   3:00p   SSE
 2  65.2  72.2   3:00p  56.7  12:00m   1.9   2.2  0.00   1.3  13.0   3:00p    NW
 3  60.3  70.2  11:40a  52.6   3:50a   5.7   1.0  0.18   2.0  24.0   5:10p   SSE
 4  59.4  68.3   4:10p  51.2  10:50p   5.8   0.2  0.40   2.1  18.0  10:10a   WSW
 5  55.5  61.8   2:40p  51.8   1:00a   9.5   0.0  0.02   1.3  14.0   1:10p   WSW
 6  55.6  62.9   2:10p  47.2  12:00m   9.4   0.0  0.00   0.6  10.0   3:30p    NW
 7  59.6  71.9   4:30p  44.9   3:00a   6.9   1.5  0.00   0.8  15.0   1:30p   WSW
 8  64.9  75.8   1:10p  53.0  12:00m   3.5   3.4  0.00   0.9  13.0   3:20p   NNW
 9  62.0  75.9   4:20p  47.8   5:00a   5.9   2.9  0.00   0.5  10.0   4:10p    NW
10  64.2  77.7   3:10p  52.3   5:20a   4.3   3.6  0.00   1.2  13.0   5:10p   NNW
11  62.2  75.5   3:50p  46.6   5:30a   5.8   2.9  0.00   1.3  11.0   8:10a     N
12  67.1  81.6   4:20p  47.9   5:30a   4.8   6.8  0.00   2.5  17.0   1:40p    SW
13  70.2  81.1   5:50p  63.3   7:30a   0.1   5.3  0.14   2.0  22.0   8:00p   SSE
14  61.4  65.2   1:20a  53.1  12:00m   3.6   0.0  0.00   2.0  22.0   9:50a    NW
15  62.5  74.2   4:20p  51.0   1:20a   5.1   2.6  0.00   0.9  12.0   2:20p    NW
16  66.0  81.1   4:10p  47.0   5:30a   5.2   6.1  0.00   0.5   8.0   3:00p   NNW
17  71.7  88.4   4:00p  54.3   5:20a   2.7   9.4  0.00   0.5   8.0  12:40p    NW
18  77.3  91.6   1:30p  66.7   4:40a   0.0  12.3  0.48   1.8  21.0  12:50p   WSW
19  65.5  71.5   4:20p  56.1  12:00m   1.5   1.9  0.01   1.9  16.0   1:20p    NW
20  61.2  74.1   4:20p  48.5   5:30a   5.9   2.1  0.00   0.2   6.0   6:10p   NNW
21  61.6  72.7   2:00p  49.7   5:30a   5.5   2.1  0.00   1.2  11.0   2:50p    NW
22  64.2  78.0   4:20p  45.6   5:00a   5.4   4.6  0.03   1.6  13.0   2:00p   ENE
23  63.4  69.2   3:30p  59.3  11:50p   2.0   0.4  0.01   1.8  15.0  12:10p   ENE
24  63.2  70.6  12:50p  58.7   1:30a   2.4   0.6  0.14   0.5  12.0   3:40p   NNW
25  60.1  67.1  11:00a  55.5   6:20a   2.3   0.0  0.01   0.8  11.0   9:30a   NNW
26
27
28
29
30
-------------------------------------------------------------------------------------
    63.9  91.6    18    44.9     7   105.2  80.2  1.72   1.2  24.0     3      NW

Max >=  90.0:  1
Max <=  32.0:  0
Min <=  32.0:  0
Min <=   0.0:  0
Max Rain: 0.48 ON 06/18/18
Days of Rain: 8 (>.01 in) 6 (>.1 in) 0 (>1 in)
Heat Base:  65.0  Cool Base:  65.0  Method: Integration