NOAA-Style Climate Reports
NOAA Climate Reports are updated by Weatherlink v6.0.5 once per hour from this station.
2007-2022 Summary
Select a Year or Month report
2024: Jan Feb Mar Apr May Jun Jul Aug Sep Oct Nov Dec
2023: Jan Feb Mar Apr May Jun Jul Aug Sep Oct Nov Dec
2022: Jan Feb Mar Apr May Jun Jul Aug Sep Oct Nov Dec
2021: Jan Feb Mar Apr May Jun Jul Aug Sep Oct Nov Dec
2020: Jan Feb Mar Apr May Jun Jul Aug Sep Oct Nov Dec
2019: Jan Feb Mar Apr May Jun Jul Aug Sep Oct Nov Dec
2018: Jan Feb Mar Apr May Jun Jul Aug Sep Oct Nov Dec
2017: Jan Feb Mar Apr May Jun Jul Aug Sep Oct Nov Dec
2016: Jan Feb Mar Apr May Jun Jul Aug Sep Oct Nov Dec
2015: Jan Feb Mar Apr May Jun Jul Aug Sep Oct Nov Dec
2014: Jan Feb Mar Apr May Jun Jul Aug Sep Oct Nov Dec
2013: Jan Feb Mar Apr May Jun Jul Aug Sep Oct Nov Dec
2012: Jan Feb Mar Apr May Jun Jul Aug Sep Oct Nov Dec
2011: Jan Feb Mar Apr May Jun Jul Aug Sep Oct Nov Dec
2010: Jan Feb Mar Apr May Jun Jul Aug Sep Oct Nov Dec
2009: Jan Feb Mar Apr May Jun Jul Aug Sep Oct Nov Dec
2008: Jan Feb Mar Apr May Jun Jul Aug Sep Oct Nov Dec
2007: Jan Feb Mar Apr May Jun Jul Aug Sep Oct Nov Dec
2024: Jan Feb Mar Apr May Jun Jul Aug Sep Oct Nov Dec
2023: Jan Feb Mar Apr May Jun Jul Aug Sep Oct Nov Dec
2022: Jan Feb Mar Apr May Jun Jul Aug Sep Oct Nov Dec
2021: Jan Feb Mar Apr May Jun Jul Aug Sep Oct Nov Dec
2020: Jan Feb Mar Apr May Jun Jul Aug Sep Oct Nov Dec
2019: Jan Feb Mar Apr May Jun Jul Aug Sep Oct Nov Dec
2018: Jan Feb Mar Apr May Jun Jul Aug Sep Oct Nov Dec
2017: Jan Feb Mar Apr May Jun Jul Aug Sep Oct Nov Dec
2016: Jan Feb Mar Apr May Jun Jul Aug Sep Oct Nov Dec
2015: Jan Feb Mar Apr May Jun Jul Aug Sep Oct Nov Dec
2014: Jan Feb Mar Apr May Jun Jul Aug Sep Oct Nov Dec
2013: Jan Feb Mar Apr May Jun Jul Aug Sep Oct Nov Dec
2012: Jan Feb Mar Apr May Jun Jul Aug Sep Oct Nov Dec
2011: Jan Feb Mar Apr May Jun Jul Aug Sep Oct Nov Dec
2010: Jan Feb Mar Apr May Jun Jul Aug Sep Oct Nov Dec
2009: Jan Feb Mar Apr May Jun Jul Aug Sep Oct Nov Dec
2008: Jan Feb Mar Apr May Jun Jul Aug Sep Oct Nov Dec
2007: Jan Feb Mar Apr May Jun Jul Aug Sep Oct Nov Dec
Report for 2024
ANNUAL CLIMATOLOGICAL SUMMARY NAME: CW6839 CITY: Country Meadow, Clay STATE: New York ELEV: 410 ft LAT: 43° 10' 16" N LONG: 76° 09' 40" W TEMPERATURE (°F), HEAT BASE 65.0, COOL BASE 65.0 DEP. HEAT COOL MEAN MEAN FROM DEG DEG MAX MAX MIN MIN YR MO MAX MIN MEAN NORM DAYS DAYS HI DATE LOW DATE >=90 <=32 <=32 <=0 ------------------------------------------------------------------------------------ 23 1 36.0 25.6 30.9 0.0 1056 0 48.6 1 11.2 15 0 7 25 0 23 2 40.0 19.5 29.7 0.0 988 0 66.6 15 -15.1 4 0 7 25 2 23 3 41.1 25.5 33.5 0.0 976 0 55.4 22 11.3 12 0 5 29 0 23 4 61.9 38.8 50.0 0.0 489 39 86.3 21 23.3 9 0 0 7 0 23 5 67.8 42.4 55.8 0.0 340 54 85.2 31 28.4 18 0 0 1 0 23 6 75.0 55.5 65.0 0.0 110 109 87.9 1 41.5 4 0 0 0 0 23 7 81.6 62.2 71.5 0.0 22 224 92.2 6 54.9 20 1 0 0 0 23 8 76.3 58.6 67.1 0.0 55 120 85.4 7 47.7 31 0 0 0 0 23 9 81.5 60.6 70.1 0.0 13 59 89.3 6 47.2 1 0 0 0 0 23 10 23 11 23 12 ------------------------------------------------------------------------------------ 60.9 41.9 51.3 0.0 4049 605 92.2 JUL -15.1 FEB 1 19 87 2 PRECIPITATION (in) DEP. MAX DAYS OF RAIN FROM OBS. OVER YR MO TOTAL NORM DAY DATE .01 .1 1 --------------------------------------------- 23 1 3.01 0.00 0.55 12 18 8 0 23 2 1.48 0.00 0.62 9 11 3 0 23 3 3.37 0.00 0.55 25 16 10 0 23 4 4.14 0.00 0.83 30 15 7 0 23 5 1.21 0.00 0.33 1 7 5 0 23 6 4.24 0.00 1.05 27 11 7 2 23 7 4.82 0.00 1.55 9 15 11 1 23 8 7.10 0.00 3.99 7 15 9 1 23 9 1.01 0.00 1.00 7 1 1 0 23 10 23 11 23 12 --------------------------------------------- 30.38 0.00 3.99 AUG 109 61 4 WIND SPEED (mph) DOM YR MO AVG. HI DATE DIR --------------------------------- 23 1 1.6 23.0 26 ENE 23 2 2.1 25.0 2 ENE 23 3 1.9 27.0 29 W 23 4 2.1 27.0 22 ENE 23 5 1.3 29.0 1 NNW 23 6 1.0 21.0 6 ENE 23 7 0.8 27.0 24 SW 23 8 1.0 21.0 7 WSW 23 9 0.5 20.0 7 NNW 23 10 23 11 23 12 --------------------------------- 1.4 29.0 MAY NNW