NOAA-Style Climate Reports
NOAA Climate Reports are updated by Weatherlink v6.0.5 once per hour from this station.
2007-2022 Summary
Select a Year or Month report
2024: Jan Feb Mar Apr May Jun Jul Aug Sep Oct Nov Dec
2023: Jan Feb Mar Apr May Jun Jul Aug Sep Oct Nov Dec
2022: Jan Feb Mar Apr May Jun Jul Aug Sep Oct Nov Dec
2021: Jan Feb Mar Apr May Jun Jul Aug Sep Oct Nov Dec
2020: Jan Feb Mar Apr May Jun Jul Aug Sep Oct Nov Dec
2019: Jan Feb Mar Apr May Jun Jul Aug Sep Oct Nov Dec
2018: Jan Feb Mar Apr May Jun Jul Aug Sep Oct Nov Dec
2017: Jan Feb Mar Apr May Jun Jul Aug Sep Oct Nov Dec
2016: Jan Feb Mar Apr May Jun Jul Aug Sep Oct Nov Dec
2015: Jan Feb Mar Apr May Jun Jul Aug Sep Oct Nov Dec
2014: Jan Feb Mar Apr May Jun Jul Aug Sep Oct Nov Dec
2013: Jan Feb Mar Apr May Jun Jul Aug Sep Oct Nov Dec
2012: Jan Feb Mar Apr May Jun Jul Aug Sep Oct Nov Dec
2011: Jan Feb Mar Apr May Jun Jul Aug Sep Oct Nov Dec
2010: Jan Feb Mar Apr May Jun Jul Aug Sep Oct Nov Dec
2009: Jan Feb Mar Apr May Jun Jul Aug Sep Oct Nov Dec
2008: Jan Feb Mar Apr May Jun Jul Aug Sep Oct Nov Dec
2007: Jan Feb Mar Apr May Jun Jul Aug Sep Oct Nov Dec
2024: Jan Feb Mar Apr May Jun Jul Aug Sep Oct Nov Dec
2023: Jan Feb Mar Apr May Jun Jul Aug Sep Oct Nov Dec
2022: Jan Feb Mar Apr May Jun Jul Aug Sep Oct Nov Dec
2021: Jan Feb Mar Apr May Jun Jul Aug Sep Oct Nov Dec
2020: Jan Feb Mar Apr May Jun Jul Aug Sep Oct Nov Dec
2019: Jan Feb Mar Apr May Jun Jul Aug Sep Oct Nov Dec
2018: Jan Feb Mar Apr May Jun Jul Aug Sep Oct Nov Dec
2017: Jan Feb Mar Apr May Jun Jul Aug Sep Oct Nov Dec
2016: Jan Feb Mar Apr May Jun Jul Aug Sep Oct Nov Dec
2015: Jan Feb Mar Apr May Jun Jul Aug Sep Oct Nov Dec
2014: Jan Feb Mar Apr May Jun Jul Aug Sep Oct Nov Dec
2013: Jan Feb Mar Apr May Jun Jul Aug Sep Oct Nov Dec
2012: Jan Feb Mar Apr May Jun Jul Aug Sep Oct Nov Dec
2011: Jan Feb Mar Apr May Jun Jul Aug Sep Oct Nov Dec
2010: Jan Feb Mar Apr May Jun Jul Aug Sep Oct Nov Dec
2009: Jan Feb Mar Apr May Jun Jul Aug Sep Oct Nov Dec
2008: Jan Feb Mar Apr May Jun Jul Aug Sep Oct Nov Dec
2007: Jan Feb Mar Apr May Jun Jul Aug Sep Oct Nov Dec
Report for 2023 May
MONTHLY CLIMATOLOGICAL SUMMARY for MAY. 2023 NAME: CW6839 CITY: Country Meadow, Clay STATE: New York ELEV: 410 ft LAT: 43° 10' 16" N LONG: 76° 09' 40" W TEMPERATURE (°F), RAIN (in), WIND SPEED (mph) HEAT COOL AVG MEAN DEG DEG WIND DOM DAY TEMP HIGH TIME LOW TIME DAYS DAYS RAIN SPEED HIGH TIME DIR ------------------------------------------------------------------------------------ 1 46.5 55.2 2:00p 40.2 12:00m 18.5 0.0 0.33 2.8 29.0 3:20p WSW 2 44.7 50.7 12:50p 39.4 12:40a 20.3 0.0 0.11 1.0 14.0 8:40a SSW 3 42.0 45.7 2:40p 38.8 6:10a 23.0 0.0 0.21 0.6 9.0 2:50p NNW 4 46.4 52.5 3:10p 40.9 12:40a 18.6 0.0 0.04 0.7 10.0 3:20p NNW 5 50.2 59.3 2:50p 41.2 5:40a 14.8 0.0 0.01 0.6 8.0 2:50p NNW 6 53.2 67.3 2:20p 37.4 6:00a 12.0 0.2 0.00 0.7 13.0 3:30p W 7 55.3 72.4 2:00p 39.5 6:20a 11.1 1.4 0.15 0.5 10.0 1:30p NNW 8 54.0 63.4 2:10p 43.4 11:50p 11.0 0.0 0.00 1.0 14.0 12:10p NNW 9 50.0 60.6 12:30p 39.3 6:00a 15.0 0.0 0.00 1.5 15.0 1:00p NNW 10 52.7 68.3 4:10p 35.5 6:10a 12.7 0.4 0.00 0.6 15.0 2:00p NW 11 60.0 76.0 3:30p 40.9 6:00a 8.2 3.2 0.00 0.8 14.0 2:20p SW 12 67.6 80.9 3:30p 52.6 6:00a 3.4 6.0 0.00 0.7 12.0 1:50p NW 13 63.4 71.1 1:30p 50.9 11:50p 3.4 1.7 0.00 1.6 17.0 2:40p NW 14 50.3 58.4 4:10p 41.0 12:00m 14.7 0.0 0.00 1.8 18.0 6:30p NNW 15 54.7 69.1 2:40p 35.2 5:40a 11.1 0.8 0.00 1.1 15.0 1:10p WSW 16 60.7 74.3 3:00p 45.6 11:00p 6.5 2.2 0.00 3.2 20.0 6:30p WSW 17 41.6 47.3 4:10p 32.2 12:00m 23.4 0.0 0.00 3.6 19.0 1:50p NNW 18 46.6 61.8 4:30p 28.4 5:30a 18.4 0.0 0.00 0.9 12.0 1:10p NE 19 63.3 75.7 3:50p 45.1 12:40a 4.8 3.0 0.00 3.8 20.0 1:10p S 20 61.9 72.3 2:10p 51.0 12:00m 4.2 1.1 0.30 1.8 18.0 11:20a SSE 21 58.8 70.5 4:00p 50.4 12:40a 7.2 0.9 0.00 1.2 14.0 11:30a WSW 22 56.4 68.6 2:00p 44.3 5:40a 9.1 0.5 0.00 0.9 11.0 2:00p NW 23 61.3 77.6 4:10p 44.8 6:00a 7.2 3.5 0.00 0.6 9.0 11:30a WSW 24 58.0 67.5 1:20a 44.5 12:00m 7.3 0.3 0.06 2.1 26.0 11:50a N 25 48.4 58.5 3:30p 35.3 6:10a 16.6 0.0 0.00 1.7 13.0 11:20a NNW 26 53.0 67.8 3:20p 35.2 5:40a 12.3 0.3 0.00 0.9 11.0 1:30p NNW 27 58.8 77.1 3:30p 39.6 5:40a 9.3 3.1 0.00 0.7 12.0 4:10p NNW 28 62.4 79.8 2:50p 44.2 5:40a 7.2 4.6 0.00 0.4 8.0 1:30p N 29 65.9 83.3 2:50p 46.4 6:00a 5.4 6.3 0.00 0.9 11.0 11:30a N 30 70.2 82.4 3:20p 57.1 1:30a 1.4 6.6 0.00 1.1 12.0 3:00a SSE 31 70.4 85.2 3:30p 55.3 5:10a 2.4 7.8 0.00 0.5 9.0 6:20p N ------------------------------------------------------------------------------------- 55.8 85.2 31 28.4 18 340.5 53.9 1.21 1.3 29.0 1 NNW Max >= 90.0: 0 Max <= 32.0: 0 Min <= 32.0: 1 Min <= 0.0: 0 Max Rain: 0.33 ON 05/01/23 Days of Rain: 7 (>.01 in) 5 (>.1 in) 0 (>1 in) Heat Base: 65.0 Cool Base: 65.0 Method: Integration